{"id":2,"date":"2023-01-25T12:32:10","date_gmt":"2023-01-25T12:32:10","guid":{"rendered":"http:\/\/lumovisuals.com\/?page_id=2"},"modified":"2026-04-17T09:54:46","modified_gmt":"2026-04-17T09:54:46","slug":"sample-page","status":"publish","type":"page","link":"https:\/\/lumovisuals.com\/","title":{"rendered":"Lumo Visuals"},"content":{"rendered":"\n<div class=\"et_pb_section_0 et_pb_section et_section_regular et_block_section preset--module--divi-section--74c69059-8e69-4122-b1e6-dfeabf6c5711\"><div class=\"et_pb_row_0 et_pb_row et_block_row\"><div class=\"et_pb_column_0 et_pb_column et_pb_column_4_4 et-last-child et_block_column et_pb_css_mix_blend_mode_passthrough\"><div class=\"et_pb_image_0 et_pb_image et_pb_module et_block_module\"><span class=\"et_pb_image_wrap\"><img loading=\"lazy\" decoding=\"async\" src=\"http:\/\/lumovisuals.com\/wp-content\/uploads\/2025\/12\/Lumo-Marca-2025-5-2-1024x212.png\" width=\"1024\" height=\"212\" srcset=\"http:\/\/lumovisuals.com\/wp-content\/uploads\/2025\/12\/Lumo-Marca-2025-5-2-980x203.png 980w, http:\/\/lumovisuals.com\/wp-content\/uploads\/2025\/12\/Lumo-Marca-2025-5-2-480x99.png 480w\" sizes=\"(min-width: 0px) and (max-width: 480px) 480px, (min-width: 481px) and (max-width: 980px) 980px, (min-width: 981px) 1024px, 100vw\" class=\"wp-image-27\" title=\"Lumo Marca 2025-5\" \/><\/span><\/div><div class=\"et_pb_module et_pb_button_module_wrapper et_pb_button_0_wrapper preset--module--divi-button--ab15fb74-61a3-43aa-96b3-41e09aeef654_wrapper\"><a class=\"et_pb_button_0 et_pb_button et_pb_bg_layout_light et_pb_module et_block_module preset--module--divi-button--ab15fb74-61a3-43aa-96b3-41e09aeef654\" href=\"https:\/\/www.instagram.com\/lumovisuals_\" target=\"_blank\">S\u00edguenos<\/a><\/div><\/div><\/div><\/div><div class=\"et_pb_section_1 et_pb_section et_section_regular et_block_section\"><div class=\"et_pb_row_1 et_pb_row et_pb_equal_columns et_pb_gutters4 et_block_row\"><div class=\"et_pb_column_1 et_pb_column et_pb_column_1_3 et_block_column et_pb_css_mix_blend_mode_passthrough\"><div class=\"et_pb_image_1 et_pb_image et_pb_module et_block_module\"><span class=\"et_pb_image_wrap\"><img loading=\"lazy\" decoding=\"async\" src=\"http:\/\/lumovisuals.com\/wp-content\/uploads\/2025\/12\/Icono-L_verde.png\" width=\"726\" height=\"726\" srcset=\"http:\/\/lumovisuals.com\/wp-content\/uploads\/2025\/12\/Icono-L_verde.png 726w, http:\/\/lumovisuals.com\/wp-content\/uploads\/2025\/12\/Icono-L_verde-480x480.png 480w\" sizes=\"(min-width: 0px) and (max-width: 480px) 480px, (min-width: 481px) 726px, 100vw\" class=\"wp-image-53\" title=\"Icono L_verde\" \/><\/span><\/div><\/div><div class=\"et_pb_column_2 et_pb_column et_pb_column_2_3 et-last-child et_block_column et_pb_css_mix_blend_mode_passthrough\"><div class=\"et_pb_text_0 et_pb_text et_pb_bg_layout_light et_pb_module et_block_module\"><div class=\"et_pb_text_inner\"><div class=\"s8\"><span>Bienvenido a Lumo Visuals, una productora audiovisual y de fotograf\u00eda donde lo art\u00edstico se une con lo narrativo. Nuestro objetivo es contar historias aut\u00e9nticas y memorables, ya sea en video o fotograf\u00eda. Combinamos la experiencia t\u00e9cnica con la sensibilidad creativa para crear contenido que conecte y perdure. Trabajamos tanto con marcas como con personas, adapt\u00e1ndonos a cada proyecto con pasi\u00f3n y profesionalidad, siempre buscando la excelencia en cada detalle.<\/span><\/div>\n<p><span><\/span><\/p>\n<p><span><\/span><\/p>\n<p><span>En Lumo Visuals ofrecemos un abanico completo de servicios audiovisuales y de producci\u00f3n pensados para contar tu historia de la manera m\u00e1s impactante. Nuestra experiencia abarca desde proyectos corporativos hasta eventos, cine, m\u00fasica y m\u00e1s, asegurando que cada proyecto se ejecute con creatividad, precisi\u00f3n y estilo propio.<\/span><\/p>\n<\/div><\/div><\/div><\/div><div class=\"et_pb_row_2 et_pb_row et_block_row\"><div class=\"et_pb_column_3 et_pb_column et_pb_column_4_4 et-last-child et_block_column et_pb_css_mix_blend_mode_passthrough\"><div class=\"et_pb_module et_d4_element dipl_text_with_media dipl_text_with_media_0\">\n\t\t\t\t\n\t\t\t\t\n\t\t\t\t\n\t\t\t\t\n\t\t\t\t\n\t\t\t\t\n\t\t\t\t<div class=\"et_pb_module_inner\">\n\t\t\t\t\t<div class=\"dipl_text_with_media_wrap\"><div class=\"dipl_text_with_media_inner\"><div class=\"et_pb_module et_d4_element dipl_text_with_media_item dipl_text_with_media_item_0\">\n\t\t\t\t<img decoding=\"async\" src=\"http:\/\/lumovisuals.com\/wp-content\/uploads\/2025\/12\/Icono-L_verde.png\" alt=\"\" srcset=\"https:\/\/lumovisuals.com\/wp-content\/uploads\/2025\/12\/Icono-L_verde.png 726w, https:\/\/lumovisuals.com\/wp-content\/uploads\/2025\/12\/Icono-L_verde-300x300.png 300w, https:\/\/lumovisuals.com\/wp-content\/uploads\/2025\/12\/Icono-L_verde-150x150.png 150w, https:\/\/lumovisuals.com\/wp-content\/uploads\/2025\/12\/Icono-L_verde-480x480.png 480w\" sizes=\"(max-width: 726px) 100vw, 726px\" class=\"dipl_text_media_element dipl_element_image\" \/>\n\t\t\t<\/div><\/div><\/div>\n\t\t\t\t<\/div>\n\t\t\t<\/div><div class=\"et_pb_text_1 et_pb_text et_pb_bg_layout_light et_pb_module et_block_module et_pb_text_align_center\"><div class=\"et_pb_text_inner\"><div class=\"s8\" style=\"text-align: center;\"><span>Bienvenido a Lumo Visuals, una productora audiovisual y de fotograf\u00eda donde lo art\u00edstico se une con lo narrativo. Nuestro objetivo es contar historias aut\u00e9nticas y memorables, ya sea en video o fotograf\u00eda. Combinamos la experiencia t\u00e9cnica con la sensibilidad creativa para crear contenido que conecte y perdure. Trabajamos tanto con marcas como con personas, adapt\u00e1ndonos a cada proyecto con pasi\u00f3n y profesionalidad, siempre buscando la excelencia en cada detalle.<\/span><span><\/span><\/div>\n<p style=\"text-align: center;\"><span><\/span><\/p>\n<p style=\"text-align: center;\"><span>En Lumo Visuals ofrecemos un abanico completo de servicios audiovisuales y de producci\u00f3n pensados para contar tu historia de la manera m\u00e1s impactante. Nuestra experiencia abarca desde proyectos corporativos hasta eventos, cine, m\u00fasica y m\u00e1s, asegurando que cada proyecto se ejecute con creatividad, precisi\u00f3n y estilo propio.<\/span><\/p>\n<\/div><\/div><\/div><\/div><\/div><div class=\"et_pb_section_2 et_pb_section et_section_regular et_block_section\"><div class=\"et_pb_row_3 et_pb_row et_block_row\"><div class=\"et_pb_column_4 et_pb_column et_pb_column_4_4 et-last-child et_block_column et_pb_css_mix_blend_mode_passthrough\"><div class=\"et_pb_text_2 et_pb_text et_pb_bg_layout_light et_pb_module et_block_module et_pb_text_align_center\"><div class=\"et_pb_text_inner\"><p style=\"text-align: center;\">Fotograf\u00eda y v\u00eddeo para darle vida a tu proyecto<\/p>\n<\/div><\/div><\/div><\/div><\/div><div class=\"et_pb_section_3 et_pb_section et_section_regular et_block_section\"><div class=\"et_pb_row_4 et_pb_row et_block_row preset--module--divi-row--5138c454-be54-4233-bd3b-f8e6a8747976\"><div class=\"et_pb_column_5 et_pb_column et_pb_column_4_4 et-last-child et_block_column et_pb_css_mix_blend_mode_passthrough preset--module--divi-column--73121f80-a3ef-4484-8763-c3f18e3c56d2\"><div class=\"et_pb_heading_0 et_pb_heading et_pb_module et_block_module preset--module--divi-heading--c33f07d9-41e0-421a-8799-5799df695cce\"><div class=\"et_pb_heading_container\"><h1 class=\"et_pb_module_header\">Cont\u00e1ctanos<\/h1><\/div><\/div><\/div><\/div><div class=\"et_pb_row_5 et_pb_row et_block_row preset--module--divi-row--5138c454-be54-4233-bd3b-f8e6a8747976\"><div class=\"et_pb_column_6 et_pb_column et_pb_column_4_4 et-last-child et_block_column et_pb_css_mix_blend_mode_passthrough preset--module--divi-column--73121f80-a3ef-4484-8763-c3f18e3c56d2\"><div class=\"et_pb_contact_form_0 et_pb_contact_form_container clearfix et_pb_module et_flex_module preset--module--divi-contact-form--347de7c5-8eec-4fb2-89ad-e07c220a4ead\" data-form_unique_num=\"0\" data-form_unique_id=\"653e01dd-6bd4-4e62-b530-40e83ea72455\" id=\"et_pb_contact_form_653e01dd-6bd4-4e62-b530-40e83ea72455\"><div class=\"et-pb-contact-message\"><\/div><div class=\"et_pb_contact\"><form class=\"et_pb_contact_form et_flex_module\" method=\"post\" action=\"https:\/\/lumovisuals.com\/index.php\/wp-json\/wp\/v2\/pages\/2\"><div class=\"et_pb_contact_field_0 et_pb_contact_field et_pb_module et_flex_module et_flex_column_12_24 et_flex_column_12_24_tablet et_flex_column_12_24_phone\" data-id=\"nombre\" data-type=\"input\"><label class=\"et_pb_contact_form_label\" for=\"et_pb_contact_0_nombre_0\">Nombre<\/label><input type=\"text\" name=\"et_pb_contact_0_nombre_0\" id=\"et_pb_contact_0_nombre_0\" class=\"input\" data-required_mark=\"required\" data-field_type=\"input\" data-original_id=\"nombre\" placeholder=\"Nombre\" pattern=\".{0,30}\" title=\"Longitud m\u00e1xima: 30 caracteres.\" maxlength=\"30\" value=\"\" \/><\/div><div class=\"et_pb_contact_field_1 et_pb_contact_field et_pb_module et_flex_module et_flex_column_12_24 et_flex_column_12_24_tablet et_flex_column_12_24_phone\" data-id=\"correo_electr\u00f3nico\" data-type=\"email\"><label class=\"et_pb_contact_form_label\" for=\"et_pb_contact_0_correo_electr\u00f3nico_1\">Correo electr\u00f3nico<\/label><input type=\"text\" name=\"et_pb_contact_0_correo_electr\u00f3nico_1\" id=\"et_pb_contact_0_correo_electr\u00f3nico_1\" class=\"input\" data-required_mark=\"required\" data-field_type=\"email\" data-original_id=\"correo_electr\u00f3nico\" placeholder=\"Correo electr\u00f3nico\" title=\"\" value=\"\" \/><\/div><div class=\"et_pb_contact_field_2 et_pb_contact_field et_pb_module et_flex_module et_flex_column_24_24 et_flex_column_24_24_tablet et_flex_column_24_24_phone\" data-id=\"mensaje\" data-type=\"text\"><label class=\"et_pb_contact_form_label\" for=\"et_pb_contact_0_mensaje_2\">Mensaje<\/label><textarea name=\"et_pb_contact_0_mensaje_2\" id=\"et_pb_contact_0_mensaje_2\" class=\"et_pb_contact_message input\" data-required_mark=\"required\" data-field_type=\"text\" data-original_id=\"mensaje\" placeholder=\"Mensaje\"><\/textarea><\/div><input type=\"hidden\" name=\"et_pb_contactform_submit_653e01dd-6bd4-4e62-b530-40e83ea72455\" value=\"et_contact_proccess\" \/><div class=\"et_contact_bottom_container\"><div class=\"et_pb_button_wrapper\"><button type=\"submit\" name=\"et_builder_submit_button\" class=\"et_pb_button et_pb_contact_submit\">Submit<\/button><\/div><\/div><input type=\"hidden\" id=\"_wpnonce-et-pb-contact-form-submitted-653e01dd-6bd4-4e62-b530-40e83ea72455\" name=\"_wpnonce-et-pb-contact-form-submitted-653e01dd-6bd4-4e62-b530-40e83ea72455\" value=\"600ad460f1\" \/><input type=\"hidden\" name=\"_wp_http_referer\" value=\"\/index.php\/wp-json\/wp\/v2\/pages\/2\" \/><\/form><\/div><\/div><\/div><\/div><\/div>\n","protected":false},"excerpt":{"rendered":"","protected":false},"author":1,"featured_media":0,"parent":0,"menu_order":0,"comment_status":"closed","ping_status":"open","template":"","meta":{"_et_pb_use_builder":"on","_et_pb_old_content":"<!-- wp:paragraph -->\n<p>This is an example page. It's different from a blog post because it will stay in one place and will show up in your site navigation (in most themes). Most people start with an About page that introduces them to potential site visitors. It might say something like this:<\/p>\n<!-- \/wp:paragraph -->\n\n<!-- wp:quote -->\n<blockquote class=\"wp-block-quote\"><p>Hi there! I'm a bike messenger by day, aspiring actor by night, and this is my website. I live in Los Angeles, have a great dog named Jack, and I like pi&#241;a coladas. (And gettin' caught in the rain.)<\/p><\/blockquote>\n<!-- \/wp:quote -->\n\n<!-- wp:paragraph -->\n<p>...or something like this:<\/p>\n<!-- \/wp:paragraph -->\n\n<!-- wp:quote -->\n<blockquote class=\"wp-block-quote\"><p>The XYZ Doohickey Company was founded in 1971, and has been providing quality doohickeys to the public ever since. Located in Gotham City, XYZ employs over 2,000 people and does all kinds of awesome things for the Gotham community.<\/p><\/blockquote>\n<!-- \/wp:quote -->\n\n<!-- wp:paragraph -->\n<p>As a new WordPress user, you should go to <a href=\"http:\/\/lumovisuals.com\/wp-admin\/\">your dashboard<\/a> to delete this page and create new pages for your content. Have fun!<\/p>\n<!-- \/wp:paragraph -->","_et_gb_content_width":"","footnotes":""},"class_list":["post-2","page","type-page","status-publish","hentry"],"_links":{"self":[{"href":"https:\/\/lumovisuals.com\/index.php\/wp-json\/wp\/v2\/pages\/2","targetHints":{"allow":["GET"]}}],"collection":[{"href":"https:\/\/lumovisuals.com\/index.php\/wp-json\/wp\/v2\/pages"}],"about":[{"href":"https:\/\/lumovisuals.com\/index.php\/wp-json\/wp\/v2\/types\/page"}],"author":[{"embeddable":true,"href":"https:\/\/lumovisuals.com\/index.php\/wp-json\/wp\/v2\/users\/1"}],"replies":[{"embeddable":true,"href":"https:\/\/lumovisuals.com\/index.php\/wp-json\/wp\/v2\/comments?post=2"}],"version-history":[{"count":57,"href":"https:\/\/lumovisuals.com\/index.php\/wp-json\/wp\/v2\/pages\/2\/revisions"}],"predecessor-version":[{"id":153,"href":"https:\/\/lumovisuals.com\/index.php\/wp-json\/wp\/v2\/pages\/2\/revisions\/153"}],"wp:attachment":[{"href":"https:\/\/lumovisuals.com\/index.php\/wp-json\/wp\/v2\/media?parent=2"}],"curies":[{"name":"wp","href":"https:\/\/api.w.org\/{rel}","templated":true}]}}